 = -4*u + u + 57, 0 = h*l + u - 206. Is l prime?
False
Is 7575/20 - (-3)/12 a composite number?
False
Let p be 52/14 - (-6)/21. Let n(a) = 5 + p*a + 0 - 15*a. Is n(-4) a composite number?
True
Suppose 0 = -2*t + 4*b + 14, -4*t + 5*b = -0*b - 22. Suppose -4*y - 16 = 0, -236 = -4*u - t*y - 64. Is u a composite number?
True
Let o(k) = -4*k**3 - 4*k**2 - k - 5. Is o(-4) a composite number?
False
Let p = -221 - -690. Is p prime?
False
Suppose o + 419 = -5*v, -3*v + 5*o - 257 = -0*o. Let p be (-10)/(-55) - v/22. Suppose -p*j + 15 = -197. Is j a prime number?
True
Let v be 84/(-10) + 2/5. Is 134/4 - v/(-16) a composite number?
True
Suppose -2*z - 400 = -1762. Suppose 0 = -3*j + 990 + z. Is j prime?
True
Let u = 2 - -2. Let l(q) = 0*q + 4 - u*q + q + 4*q**2. Is l(-5) prime?
False
Suppose 2*t = 4*t - h - 33, 5*t + 5*h = 90. Suppose -5*n = -2*w + 49, 3*n + 5*w + t = -0*n. Is (-3)/n*30/1 a composite number?
True
Is (-2)/3*(-2136)/16 composite?
False
Let h(r) = 158*r + 7. Is h(6) composite?
True
Suppose 1 = -w + 4. Is 211/w + 4/6 a prime number?
True
Let d = 13 + -13. Suppose -2*g = d, -a - 2*a + g = -609. Is a composite?
True
Let q be 0/(-2) + 1 + 8. Is 6/9 + 453/q composite?
True
Let t = 175 + -54. Is t composite?
True
Let a = -4 + 2. Is a/5 - (-257)/5 composite?
True
Let f(g) = -g**3 - 8*g**2 + g + 5. Let z be f(-8). Let c(k) = -4*k - 4. Let q(d) = -5*d - 4. Let t(x) = z*c(x) + 2*q(x). Is t(3) a prime number?
False
Let r(t) = -245*t - 3. Is r(-2) a prime number?
True
Let y = -32 - -22. Is 29/(-3 + (-32)/y) prime?
False
Let r be 12/(-30) + 2024/10. Let z = r + -15. Is z composite?
True
Let b(o) = o**2 - o + 4. Let f be b(0). Suppose l - 2*a - 7 = 0, 0 = 3*l - f*l - 5*a. Suppose l - 12 = -j. Is j a prime number?
True
Suppose 6*j + 18 = 3*j. Let i(o) = o**3 - 5*o**2 + 4*o - 7. Let g(h) = 3*h**3 - 9*h**2 + 9*h - 15. Let a(b) = 2*g(b) - 5*i(b). Is a(j) composite?
False
Suppose -2*c + 370 = -4*m, c = -4*m + 94 + 109. Is c a prime number?
True
Let p(t) be the first derivative of -t**4/4 - 5*t**3/3 - 5*t**2/2 + 10*t - 4. Is p(-7) a prime number?
False
Suppose -111 = 5*c + 79. Is (c/(-1))/((-4)/(-10)) composite?
True
Is (-20*190)/(-4) + 3 prime?
True
Suppose 2*n + 5*p - 3*p + 130 = 0, 0 = -n - 4*p - 80. Let y = -22 - n. Is y a prime number?
False
Let i(l) = l**3 + 11*l**2 + 5*l + 4. Let m be i(-6). Suppose 0*b = 2*b - m. Is b prime?
False
Suppose 5*k - 146 = -51. Suppose a - 3*g = -7*g - 6, -a + k = -g. Is a a prime number?
False
Suppose -5*g + 771 - 291 = 0. Suppose 3*p - 3*r = g, 5*p - r - 2*r = 170. Is p a composite number?
False
Suppose -3*p = -2 + 14, -5*g = -3*p - 12. Suppose g = 11*y - 8*y - 174. Is y composite?
True
Suppose 423 = 10*j - 9247. Is j composite?
False
Let v be (-3)/((-1)/(2/3)). Suppose v*h + h - 21 = 0. Suppose 0 = 5*x - 5, -s + 146 = -2*x + h*x. Is s a prime number?
False
Let u be 2/(-8) - 13/(-4). Suppose -5*m = 15, 0 = -u*w - m + 117 + 3. Is (-18)/(-24) + w/4 a prime number?
True
Suppose -4*m + 56 = -208. Let i be m/4 - 3/2. Is (-4)/10 - (-1011)/i a prime number?
True
Let s(v) = 19*v**2 - 5*v - 2. Let t be s(-3). Suppose 0 = -5*k - g + t, 4*k - 2*k + 3*g - 71 = 0. Is k a prime number?
True
Suppose 5*m - 35 = -5*l + 45, -l - 8 = -m. Is 4767/5 - m/30 a prime number?
True
Suppose 4*x - 521 - 67 = 0. Let b = x - 96. Is b a composite number?
True
Let o(f) = -17*f**3 + 2*f**2 - 2*f - 1. Let q be (-4)/(-6) - (-8)/(-3). Let p be o(q). Let w = p + -82. Is w composite?
True
Let v(n) = -4*n - 9. Is v(-11) a composite number?
True
Let g be 0/1 - 8/2. Let h be (g/(-3))/(8/444). Suppose -386 = -4*k + h. Is k a prime number?
False
Suppose 2*k - h + 14 - 4 = 0, -8 = k + h. Let x be 1/3 + (-52)/k. Let q = x - 2. Is q a prime number?
True
Suppose -2*y - 93 + 667 = 0. Suppose -5*u - p = -y, 0 = -5*u + 3*p - 0*p + 299. Is u prime?
False
Suppose 45*m - 43*m = 2194. Is m a composite number?
False
Suppose -4*m + 5185 = d - 4334, 28537 = 3*d + 2*m. Is d composite?
False
Let l(q) = -q**2 - 6*q - 3. Let n be l(-5). Let t be (1/3)/(n/1758). Let c = t - 166. Is c prime?
True
Suppose -4*f + 365 = -111. Is f composite?
True
Let q = 16 - 16. Is (-33)/(-2)*(2 + q) composite?
True
Let o(y) = 3*y**2 - 5*y - 1. Suppose 0 = -10*q + 5*q + 70. Let h = q + -8. Is o(h) a composite number?
True
Suppose -d + 541 = -0*d. Is d a composite number?
False
Let j(h) = 4*h + 5. Let c(l) = -4*l - 1. Let f be c(-1). Suppose i - 16 = -f*i. Is j(i) prime?
False
Let u be (-1)/((-2)/(-3) - 1). Let m(v) = 30*v - 5. Is m(u) composite?
True
Suppose 3*m + m - 1757 = -3*h, 3*m = -3. Is h a prime number?
True
Let r(l) = 2*l + 224. Let q be r(0). Let g be 100 + 1*(1 - 2). Suppose -5*z - 175 = -3*k + g, -5*z = 3*k - q. Is k composite?
False
Suppose 5*x = -d + 11, 0*x - x + 22 = -2*d. Let l(q) = q**3 + 9*q**2 + 7*q + 5. Let z be l(d). Let t = -21 - z. Is t prime?
True
Suppose -2*d = -12 + 4. Suppose d*q = 97 + 107. Is q composite?
True
Let z(c) = 29*c**2 + 1. Let k be z(-3). Suppose -b = b - k. Is b a composite number?
False
Suppose 3*a = -43 + 1300. Is a a composite number?
False
Let s(m) = -4*m - 10. Let y be s(-4). Is ((-443)/5)/(y/(-30)) prime?
True
Let c = 1068 - 283. Is c composite?
True
Suppose 28 - 3 = 5*d. Suppose f = 3*f - 2*x - 320, -d*f - x = -800. Suppose a - 2*a - 2*q + 43 = 0, 5*q = -4*a + f. Is a a prime number?
False
Let v be -2 + (0 - 0) - -7. Suppose -653 = -3*q - 2*c, v*c = 4*q - 5*q + 209. Is q a composite number?
True
Suppose -9*a + 5*a + 812 = 0. Is a composite?
True
Suppose n - 6 - 28 = 0. Let k = n - -46. Suppose 2*s - k - 36 = 0. Is s prime?
False
Suppose 5*h + 4*d + 22 = 0, 2*d + d = 4*h - 1. Is (154/(-4))/(h/4) composite?
True
Let o(r) = -r**3 - 15*r**2 + 5*r + 2. Is o(-16) a prime number?
False
Let u(p) = -422*p - 3. Is u(-2) prime?
False
Let o = 8 - 2. Let d(u) = 4*u**3 - 6*u**2 - 3*u - 7. Is d(o) a composite number?
True
Let k = -3 + 3. Is 3 + (-1 - k) - -159 a prime number?
False
Suppose -3*k = 2*k - 820. Let o be (0 - 2)*k/(-8). Suppose -3*g = -2*u - 79, -u = 3*g - 32 - o. Is g prime?
False
Let f be (-3)/9*-1*39. Suppose -5*l - f = -33. Let r = l + 15. Is r a prime number?
True
Suppose 4*s = 4*o - 0*o - 84, 2*s = -3*o - 42. Let r = s + 37. Suppose 41 = 3*m - r. Is m composite?
False
Suppose 5*o + 7*w + 23 = 3*w, -4 = 2*o - w. Let v be 1/o + 14/6. Is (v - -15) + -3 + -1 a prime number?
True
Is 0/2 - (-24 + -13) a composite number?
False
Suppose -3*v + 0*v = 5*h - 1052, -v - 634 = -3*h. Is h prime?
True
Let r(o) = -3*o**3 + 14*o**2 + 3*o + 23. Let x(a) = -2*a**3 + 9*a**2 + 2*a + 15. Let t(h) = 5*r(h) - 8*x(h). Is t(4) a prime number?
True
Let p be ((-38)/(-5))/(1/5). Suppose -4*j - p + 186 = 0. Is j prime?
True
Suppose 3*m = 5*m - 206. Is m prime?
True
Let z = 99 + -166. Let s = z - -156. Is s prime?
True
Let z = -15375 + 10521. Is 4/(-10) - z/10 prime?
False
Let z(d) = -24*d - 3. Is z(-10) a composite number?
True
Let n(k) = -k**3 - 5*k**2 - k - 3. Let b be n(-5). Let h be (-2*5/b)/(-1). Suppose d - 48 + 3 = -x, -241 = -h*d + 3*x. Is d composite?
False
Let x = 390 - 158. Let r be (-10)/3*93/(-2). Let q = x - r. Is q composite?
True
Let x be 1/(3/12)*1. Suppose -19 = -x*s - 3. Suppose 0 = -s*r + 166 + 66. Is r prime?
False
Let u = 2 - -3. Suppose 2*v + u = 3*v. Suppose -w - 3*w + 2*x = -180, w - v*x = 27. Is w prime?
True
Suppose -2*n + 720 = 4*f - 1442, -5*f + 3*n = -2686. Let c = f - 354. Is c a prime number?
False
Let r = 4793 - 1182. Is r a prime number?
False
Let p(y) = y - 11. Let q(r) = -1. Let h(i) = -p(i) + 3*q(i). Is h(6) a prime number?
True
Suppose h - 93 = 2*k - 419, 4*k = -5*h + 624. Is k a composite number?
True
Suppose 3*z - 4760 + 1205 = 0. Suppose -b = 2*b - z. Is b a composite number?
True
Suppose 0 = 4*b - s - 46, -3*b + 5*s + 65 = 2*b. Let q = b - -20. Is q a composite number?
False
Suppose -7 = -4*h + 9. Suppose -3*v = -2*r + r + 205, 0 = -4*r - h*v + 852. Is r a composite number?
False
Suppose z - 26 = -4*i, -4*i + 2*i + 5*z = -2. Suppose -3 = -a - 0*a. Is i/a + 52 - 1 composite?
False
Let i = 15 - -92. Let f = -64 + i. Is f a composite number?
False
Let h = 759 - 422. Is h a prime number?
True
Suppose -4*b + 2*b + 5*a + 7 = 0, -3*b + 22 = 4*a. Let k = b + -3. Is k composite?
False
Let c(k) = 23*k**2 - 2*k - 1. Let b be c(-1). Is 1614/b + 1/(